{"id":162,"date":"2026-02-04T10:53:34","date_gmt":"2026-02-04T10:53:34","guid":{"rendered":"https:\/\/www.barnaclinic.com\/blog\/oncologia\/wp-content\/uploads\/sites\/18\/2026\/02\/tumor-neuroendocrino-del-pancreas.png"},"modified":"2026-02-04T10:53:42","modified_gmt":"2026-02-04T10:53:42","slug":"tumor-neuroendocrino-del-pancreas","status":"inherit","type":"attachment","link":"https:\/\/www.barnaclinic.com\/blog\/oncologia\/avances-cancer-pancreas-pronostico-esperanza-vida\/tumor-neuroendocrino-del-pancreas\/","title":{"rendered":"tumor-neuroendocrino-del-pancreas"},"author":2,"featured_media":0,"comment_status":"open","ping_status":"closed","template":"","meta":[],"yoast_head":"<!-- This site is optimized with the Yoast SEO plugin v19.14 - https:\/\/yoast.com\/wordpress\/plugins\/seo\/ -->\n<title>tumor-neuroendocrino-del-pancreas - Blog sobre diagn\u00f3stico y tratamiento del C\u00c1NCER<\/title>\n<meta name=\"robots\" content=\"index, follow, max-snippet:-1, max-image-preview:large, max-video-preview:-1\" \/>\n<link rel=\"canonical\" href=\"https:\/\/www.barnaclinic.com\/blog\/oncologia\/wp-content\/uploads\/sites\/18\/2026\/02\/tumor-neuroendocrino-del-pancreas.png\" \/>\n<meta property=\"og:locale\" content=\"es_ES\" \/>\n<meta property=\"og:type\" content=\"article\" \/>\n<meta property=\"og:title\" content=\"tumor-neuroendocrino-del-pancreas - Blog sobre diagn\u00f3stico y tratamiento del C\u00c1NCER\" \/>\n<meta property=\"og:url\" content=\"https:\/\/www.barnaclinic.com\/blog\/oncologia\/wp-content\/uploads\/sites\/18\/2026\/02\/tumor-neuroendocrino-del-pancreas.png\" \/>\n<meta property=\"og:site_name\" content=\"Blog sobre diagn\u00f3stico y tratamiento del C\u00c1NCER\" \/>\n<meta property=\"article:modified_time\" content=\"2026-02-04T10:53:42+00:00\" \/>\n<meta property=\"og:image\" content=\"https:\/\/www.barnaclinic.com\/blog\/oncologia\/wp-content\/uploads\/sites\/18\/2026\/02\/tumor-neuroendocrino-del-pancreas.png\" \/>\n\t<meta property=\"og:image:width\" content=\"1440\" \/>\n\t<meta property=\"og:image:height\" content=\"810\" \/>\n\t<meta property=\"og:image:type\" content=\"image\/png\" \/>\n<meta name=\"twitter:card\" content=\"summary_large_image\" \/>\n<script type=\"application\/ld+json\" class=\"yoast-schema-graph\">{\"@context\":\"https:\/\/schema.org\",\"@graph\":[{\"@type\":\"WebPage\",\"@id\":\"https:\/\/www.barnaclinic.com\/blog\/oncologia\/wp-content\/uploads\/sites\/18\/2026\/02\/tumor-neuroendocrino-del-pancreas.png\",\"url\":\"https:\/\/www.barnaclinic.com\/blog\/oncologia\/wp-content\/uploads\/sites\/18\/2026\/02\/tumor-neuroendocrino-del-pancreas.png\",\"name\":\"tumor-neuroendocrino-del-pancreas - Blog sobre diagn\u00f3stico y tratamiento del C\u00c1NCER\",\"isPartOf\":{\"@id\":\"https:\/\/www.barnaclinic.com\/blog\/oncologia\/#website\"},\"datePublished\":\"2026-02-04T10:53:34+00:00\",\"dateModified\":\"2026-02-04T10:53:42+00:00\",\"breadcrumb\":{\"@id\":\"https:\/\/www.barnaclinic.com\/blog\/oncologia\/wp-content\/uploads\/sites\/18\/2026\/02\/tumor-neuroendocrino-del-pancreas.png#breadcrumb\"},\"inLanguage\":\"es\",\"potentialAction\":[{\"@type\":\"ReadAction\",\"target\":[\"https:\/\/www.barnaclinic.com\/blog\/oncologia\/wp-content\/uploads\/sites\/18\/2026\/02\/tumor-neuroendocrino-del-pancreas.png\"]}]},{\"@type\":\"BreadcrumbList\",\"@id\":\"https:\/\/www.barnaclinic.com\/blog\/oncologia\/wp-content\/uploads\/sites\/18\/2026\/02\/tumor-neuroendocrino-del-pancreas.png#breadcrumb\",\"itemListElement\":[{\"@type\":\"ListItem\",\"position\":1,\"name\":\"Portada\",\"item\":\"https:\/\/www.barnaclinic.com\/blog\/oncologia\/\"},{\"@type\":\"ListItem\",\"position\":2,\"name\":\"Nuevos avances en c\u00e1ncer de p\u00e1ncreas: c\u00f3mo pueden cambiar el pron\u00f3stico y la esperanza de vida\",\"item\":\"https:\/\/www.barnaclinic.com\/blog\/oncologia\/avances-cancer-pancreas-pronostico-esperanza-vida\/\"},{\"@type\":\"ListItem\",\"position\":3,\"name\":\"tumor-neuroendocrino-del-pancreas\"}]},{\"@type\":\"WebSite\",\"@id\":\"https:\/\/www.barnaclinic.com\/blog\/oncologia\/#website\",\"url\":\"https:\/\/www.barnaclinic.com\/blog\/oncologia\/\",\"name\":\"Blog sobre diagn\u00f3stico y tratamiento del C\u00c1NCER\",\"description\":\"En este blog profesionales de referencia mundial hablan de diagn\u00f3stico y tratamiento del c\u00e1ncer.\",\"potentialAction\":[{\"@type\":\"SearchAction\",\"target\":{\"@type\":\"EntryPoint\",\"urlTemplate\":\"https:\/\/www.barnaclinic.com\/blog\/oncologia\/?s={search_term_string}\"},\"query-input\":\"required name=search_term_string\"}],\"inLanguage\":\"es\"}]}<\/script>\n<!-- \/ Yoast SEO plugin. -->","yoast_head_json":{"title":"tumor-neuroendocrino-del-pancreas - Blog sobre diagn\u00f3stico y tratamiento del C\u00c1NCER","robots":{"index":"index","follow":"follow","max-snippet":"max-snippet:-1","max-image-preview":"max-image-preview:large","max-video-preview":"max-video-preview:-1"},"canonical":"https:\/\/www.barnaclinic.com\/blog\/oncologia\/wp-content\/uploads\/sites\/18\/2026\/02\/tumor-neuroendocrino-del-pancreas.png","og_locale":"es_ES","og_type":"article","og_title":"tumor-neuroendocrino-del-pancreas - Blog sobre diagn\u00f3stico y tratamiento del C\u00c1NCER","og_url":"https:\/\/www.barnaclinic.com\/blog\/oncologia\/wp-content\/uploads\/sites\/18\/2026\/02\/tumor-neuroendocrino-del-pancreas.png","og_site_name":"Blog sobre diagn\u00f3stico y tratamiento del C\u00c1NCER","article_modified_time":"2026-02-04T10:53:42+00:00","og_image":[{"width":1440,"height":810,"url":"https:\/\/www.barnaclinic.com\/blog\/oncologia\/wp-content\/uploads\/sites\/18\/2026\/02\/tumor-neuroendocrino-del-pancreas.png","type":"image\/png"}],"twitter_card":"summary_large_image","schema":{"@context":"https:\/\/schema.org","@graph":[{"@type":"WebPage","@id":"https:\/\/www.barnaclinic.com\/blog\/oncologia\/wp-content\/uploads\/sites\/18\/2026\/02\/tumor-neuroendocrino-del-pancreas.png","url":"https:\/\/www.barnaclinic.com\/blog\/oncologia\/wp-content\/uploads\/sites\/18\/2026\/02\/tumor-neuroendocrino-del-pancreas.png","name":"tumor-neuroendocrino-del-pancreas - Blog sobre diagn\u00f3stico y tratamiento del C\u00c1NCER","isPartOf":{"@id":"https:\/\/www.barnaclinic.com\/blog\/oncologia\/#website"},"datePublished":"2026-02-04T10:53:34+00:00","dateModified":"2026-02-04T10:53:42+00:00","breadcrumb":{"@id":"https:\/\/www.barnaclinic.com\/blog\/oncologia\/wp-content\/uploads\/sites\/18\/2026\/02\/tumor-neuroendocrino-del-pancreas.png#breadcrumb"},"inLanguage":"es","potentialAction":[{"@type":"ReadAction","target":["https:\/\/www.barnaclinic.com\/blog\/oncologia\/wp-content\/uploads\/sites\/18\/2026\/02\/tumor-neuroendocrino-del-pancreas.png"]}]},{"@type":"BreadcrumbList","@id":"https:\/\/www.barnaclinic.com\/blog\/oncologia\/wp-content\/uploads\/sites\/18\/2026\/02\/tumor-neuroendocrino-del-pancreas.png#breadcrumb","itemListElement":[{"@type":"ListItem","position":1,"name":"Portada","item":"https:\/\/www.barnaclinic.com\/blog\/oncologia\/"},{"@type":"ListItem","position":2,"name":"Nuevos avances en c\u00e1ncer de p\u00e1ncreas: c\u00f3mo pueden cambiar el pron\u00f3stico y la esperanza de vida","item":"https:\/\/www.barnaclinic.com\/blog\/oncologia\/avances-cancer-pancreas-pronostico-esperanza-vida\/"},{"@type":"ListItem","position":3,"name":"tumor-neuroendocrino-del-pancreas"}]},{"@type":"WebSite","@id":"https:\/\/www.barnaclinic.com\/blog\/oncologia\/#website","url":"https:\/\/www.barnaclinic.com\/blog\/oncologia\/","name":"Blog sobre diagn\u00f3stico y tratamiento del C\u00c1NCER","description":"En este blog profesionales de referencia mundial hablan de diagn\u00f3stico y tratamiento del c\u00e1ncer.","potentialAction":[{"@type":"SearchAction","target":{"@type":"EntryPoint","urlTemplate":"https:\/\/www.barnaclinic.com\/blog\/oncologia\/?s={search_term_string}"},"query-input":"required name=search_term_string"}],"inLanguage":"es"}]}},"description":{"rendered":"<p class=\"attachment\"><a href='https:\/\/www.barnaclinic.com\/blog\/oncologia\/wp-content\/uploads\/sites\/18\/2026\/02\/tumor-neuroendocrino-del-pancreas.png'><img loading=\"lazy\" decoding=\"async\" width=\"300\" height=\"169\" src=\"https:\/\/www.barnaclinic.com\/blog\/oncologia\/wp-content\/uploads\/sites\/18\/2026\/02\/tumor-neuroendocrino-del-pancreas-300x169.png\" class=\"attachment-medium size-medium\" alt=\"c\u00e1ncer de p\u00e1ncreas\" srcset=\"https:\/\/www.barnaclinic.com\/blog\/oncologia\/wp-content\/uploads\/sites\/18\/2026\/02\/tumor-neuroendocrino-del-pancreas-300x169.png 300w, https:\/\/www.barnaclinic.com\/blog\/oncologia\/wp-content\/uploads\/sites\/18\/2026\/02\/tumor-neuroendocrino-del-pancreas-1024x576.png 1024w, https:\/\/www.barnaclinic.com\/blog\/oncologia\/wp-content\/uploads\/sites\/18\/2026\/02\/tumor-neuroendocrino-del-pancreas-768x432.png 768w, https:\/\/www.barnaclinic.com\/blog\/oncologia\/wp-content\/uploads\/sites\/18\/2026\/02\/tumor-neuroendocrino-del-pancreas.png 1440w\" sizes=\"(max-width: 300px) 100vw, 300px\" \/><\/a><\/p>\n"},"caption":{"rendered":""},"alt_text":"c\u00e1ncer de p\u00e1ncreas","media_type":"image","mime_type":"image\/png","media_details":{"width":1440,"height":810,"file":"2026\/02\/tumor-neuroendocrino-del-pancreas.png","filesize":271345,"sizes":{"medium":{"file":"tumor-neuroendocrino-del-pancreas-300x169.png","width":300,"height":169,"filesize":24373,"mime_type":"image\/png","source_url":"https:\/\/www.barnaclinic.com\/blog\/oncologia\/wp-content\/uploads\/sites\/18\/2026\/02\/tumor-neuroendocrino-del-pancreas-300x169.png"},"large":{"file":"tumor-neuroendocrino-del-pancreas-1024x576.png","width":1024,"height":576,"filesize":176912,"mime_type":"image\/png","source_url":"https:\/\/www.barnaclinic.com\/blog\/oncologia\/wp-content\/uploads\/sites\/18\/2026\/02\/tumor-neuroendocrino-del-pancreas-1024x576.png"},"thumbnail":{"file":"tumor-neuroendocrino-del-pancreas-150x150.png","width":150,"height":150,"filesize":14426,"mime_type":"image\/png","source_url":"https:\/\/www.barnaclinic.com\/blog\/oncologia\/wp-content\/uploads\/sites\/18\/2026\/02\/tumor-neuroendocrino-del-pancreas-150x150.png"},"medium_large":{"file":"tumor-neuroendocrino-del-pancreas-768x432.png","width":768,"height":432,"filesize":110109,"mime_type":"image\/png","source_url":"https:\/\/www.barnaclinic.com\/blog\/oncologia\/wp-content\/uploads\/sites\/18\/2026\/02\/tumor-neuroendocrino-del-pancreas-768x432.png"},"full":{"file":"tumor-neuroendocrino-del-pancreas.png","width":1440,"height":810,"mime_type":"image\/png","source_url":"https:\/\/www.barnaclinic.com\/blog\/oncologia\/wp-content\/uploads\/sites\/18\/2026\/02\/tumor-neuroendocrino-del-pancreas.png"}},"image_meta":{"aperture":"0","credit":"","camera":"","caption":"","created_timestamp":"0","copyright":"","focal_length":"0","iso":"0","shutter_speed":"0","title":"","orientation":"0","keywords":[]}},"post":156,"source_url":"https:\/\/www.barnaclinic.com\/blog\/oncologia\/wp-content\/uploads\/sites\/18\/2026\/02\/tumor-neuroendocrino-del-pancreas.png","_links":{"self":[{"href":"https:\/\/www.barnaclinic.com\/blog\/oncologia\/wp-json\/wp\/v2\/media\/162"}],"collection":[{"href":"https:\/\/www.barnaclinic.com\/blog\/oncologia\/wp-json\/wp\/v2\/media"}],"about":[{"href":"https:\/\/www.barnaclinic.com\/blog\/oncologia\/wp-json\/wp\/v2\/types\/attachment"}],"author":[{"embeddable":true,"href":"https:\/\/www.barnaclinic.com\/blog\/oncologia\/wp-json\/wp\/v2\/users\/2"}],"replies":[{"embeddable":true,"href":"https:\/\/www.barnaclinic.com\/blog\/oncologia\/wp-json\/wp\/v2\/comments?post=162"}]}}

<!-- This site is optimized with the Yoast SEO plugin v19.14 - https://yoast.com/wordpress/plugins/seo/ -->
<title>tumor-neuroendocrino-del-pancreas - Blog sobre diagnóstico y tratamiento del CÁNCER</title>
<meta name="robots" content="index, follow, max-snippet:-1, max-image-preview:large, max-video-preview:-1" />
<link rel="canonical" href="https://www.barnaclinic.com/blog/oncologia/wp-content/uploads/sites/18/2026/02/tumor-neuroendocrino-del-pancreas.png" />
<meta property="og:locale" content="es_ES" />
<meta property="og:type" content="article" />
<meta property="og:title" content="tumor-neuroendocrino-del-pancreas - Blog sobre diagnóstico y tratamiento del CÁNCER" />
<meta property="og:url" content="https://www.barnaclinic.com/blog/oncologia/wp-content/uploads/sites/18/2026/02/tumor-neuroendocrino-del-pancreas.png" />
<meta property="og:site_name" content="Blog sobre diagnóstico y tratamiento del CÁNCER" />
<meta property="article:modified_time" content="2026-02-04T10:53:42+00:00" />
<meta property="og:image" content="https://www.barnaclinic.com/blog/oncologia/wp-content/uploads/sites/18/2026/02/tumor-neuroendocrino-del-pancreas.png" />
	<meta property="og:image:width" content="1440" />
	<meta property="og:image:height" content="810" />
	<meta property="og:image:type" content="image/png" />
<meta name="twitter:card" content="summary_large_image" />
<script type="application/ld+json" class="yoast-schema-graph">{"@context":"https://schema.org","@graph":[{"@type":"WebPage","@id":"https://www.barnaclinic.com/blog/oncologia/wp-content/uploads/sites/18/2026/02/tumor-neuroendocrino-del-pancreas.png","url":"https://www.barnaclinic.com/blog/oncologia/wp-content/uploads/sites/18/2026/02/tumor-neuroendocrino-del-pancreas.png","name":"tumor-neuroendocrino-del-pancreas - Blog sobre diagnóstico y tratamiento del CÁNCER","isPartOf":{"@id":"https://www.barnaclinic.com/blog/oncologia/#website"},"datePublished":"2026-02-04T10:53:34+00:00","dateModified":"2026-02-04T10:53:42+00:00","breadcrumb":{"@id":"https://www.barnaclinic.com/blog/oncologia/wp-content/uploads/sites/18/2026/02/tumor-neuroendocrino-del-pancreas.png#breadcrumb"},"inLanguage":"es","potentialAction":[{"@type":"ReadAction","target":["https://www.barnaclinic.com/blog/oncologia/wp-content/uploads/sites/18/2026/02/tumor-neuroendocrino-del-pancreas.png"]}]},{"@type":"BreadcrumbList","@id":"https://www.barnaclinic.com/blog/oncologia/wp-content/uploads/sites/18/2026/02/tumor-neuroendocrino-del-pancreas.png#breadcrumb","itemListElement":[{"@type":"ListItem","position":1,"name":"Portada","item":"https://www.barnaclinic.com/blog/oncologia/"},{"@type":"ListItem","position":2,"name":"Nuevos avances en cáncer de páncreas: cómo pueden cambiar el pronóstico y la esperanza de vida","item":"https://www.barnaclinic.com/blog/oncologia/avances-cancer-pancreas-pronostico-esperanza-vida/"},{"@type":"ListItem","position":3,"name":"tumor-neuroendocrino-del-pancreas"}]},{"@type":"WebSite","@id":"https://www.barnaclinic.com/blog/oncologia/#website","url":"https://www.barnaclinic.com/blog/oncologia/","name":"Blog sobre diagnóstico y tratamiento del CÁNCER","description":"En este blog profesionales de referencia mundial hablan de diagnóstico y tratamiento del cáncer.","potentialAction":[{"@type":"SearchAction","target":{"@type":"EntryPoint","urlTemplate":"https://www.barnaclinic.com/blog/oncologia/?s={search_term_string}"},"query-input":"required name=search_term_string"}],"inLanguage":"es"}]}</script>
<!-- / Yoast SEO plugin. -->

tumor-neuroendocrino-del-pancreas - Blog sobre diagnóstico y tratamiento del CÁNCER

Blog sobre diagnóstico y tratamiento del CÁNCER

Nuevos avances en cáncer de páncreas: cómo pueden cambiar el pronóstico y la esperanza de vida

En este blog profesionales de referencia mundial hablan de diagnóstico y tratamiento del cáncer.

<p class="attachment"><a href='https://www.barnaclinic.com/blog/oncologia/wp-content/uploads/sites/18/2026/02/tumor-neuroendocrino-del-pancreas.png'><img loading="lazy" decoding="async" width="300" height="169" src="https://www.barnaclinic.com/blog/oncologia/wp-content/uploads/sites/18/2026/02/tumor-neuroendocrino-del-pancreas-300x169.png" class="attachment-medium size-medium" alt="cáncer de páncreas" srcset="https://www.barnaclinic.com/blog/oncologia/wp-content/uploads/sites/18/2026/02/tumor-neuroendocrino-del-pancreas-300x169.png 300w, https://www.barnaclinic.com/blog/oncologia/wp-content/uploads/sites/18/2026/02/tumor-neuroendocrino-del-pancreas-1024x576.png 1024w, https://www.barnaclinic.com/blog/oncologia/wp-content/uploads/sites/18/2026/02/tumor-neuroendocrino-del-pancreas-768x432.png 768w, https://www.barnaclinic.com/blog/oncologia/wp-content/uploads/sites/18/2026/02/tumor-neuroendocrino-del-pancreas.png 1440w" sizes="(max-width: 300px) 100vw, 300px" /></a></p>

cáncer de páncreas
